{"id":6,"date":"2024-01-12T17:57:33","date_gmt":"2024-01-12T16:57:33","guid":{"rendered":"https:\/\/leselineal.de\/index.php\/one-page-express\/"},"modified":"2024-06-27T10:28:00","modified_gmt":"2024-06-27T08:28:00","slug":"leselineal-de-holz-lesehilfen-fuer-ein-entspanntes-leseerlebnis","status":"publish","type":"page","link":"https:\/\/leselineal.de\/","title":{"rendered":"Leselineal"},"content":{"rendered":"\n<div class=\"wp-block-group alignfull has-text-color has-background\" style=\"color:#000000;background-color:#ffffff\"><div class=\"wp-block-group__inner-container is-layout-flow wp-block-group-is-layout-flow\">\n<div style=\"height:64px\" aria-hidden=\"true\" class=\"wp-block-spacer\"><\/div>\n\n\n\n<div class=\"wp-block-columns is-layout-flex wp-container-core-columns-is-layout-9d6595d7 wp-block-columns-is-layout-flex\">\n<div class=\"wp-block-column has-small-font-size is-layout-flow wp-block-column-is-layout-flow\" style=\"line-height:.9\">\n<h2 class=\"wp-block-heading has-text-align-center has-luminous-vivid-orange-color has-text-color has-link-color wp-elements-8abe34b571c77d61d173f3e9b4564b39\" id=\"schedule-a-visit\" style=\"font-size:40px;line-height:1.15\"><strong>Willkommen <\/strong><\/h2>\n\n\n\n<h2 class=\"wp-block-heading has-text-align-center has-luminous-vivid-orange-color has-text-color has-link-color wp-elements-83cd74ea0124f2d967ebdb590e0f9dda\" id=\"schedule-a-visit\" style=\"font-size:40px;line-height:1.15\"><strong>bei<\/strong> <\/h2>\n\n\n\n<h1 class=\"wp-block-heading has-text-align-center has-luminous-vivid-orange-color has-text-color has-link-color wp-elements-c36e7f94ffb75e6018bd5dca4c7f64af\" id=\"schedule-a-visit\" style=\"font-size:40px;line-height:1.15\">Leselineal.de die Kinder lese Hilfe aus Holz<\/h1>\n\n\n\n<p class=\"has-text-align-center has-luminous-vivid-orange-color has-text-color has-link-color has-medium-font-size wp-elements-cc2d8ae293249eba82b0731cc78f54f6\"><strong>Ihr Hersteller von Lesehilfen und Leselineale f\u00fcr Kinder<\/strong><\/p>\n\n\n\n<div style=\"height:24px\" aria-hidden=\"true\" class=\"wp-block-spacer\"><\/div>\n\n\n\n<div class=\"wp-block-columns is-layout-flex wp-container-core-columns-is-layout-9d6595d7 wp-block-columns-is-layout-flex\">\n<div class=\"wp-block-column is-layout-flow wp-block-column-is-layout-flow\"><\/div>\n\n\n\n<div class=\"wp-block-column is-layout-flow wp-block-column-is-layout-flow\">\n<div class=\"wp-block-buttons aligin: center is-horizontal is-content-justification-center is-layout-flex wp-container-core-buttons-is-layout-cbd64880 wp-block-buttons-is-layout-flex\">\n<div class=\"wp-block-button has-custom-width wp-block-button__width-100 has-custom-font-size\" style=\"font-size:15px\"><a class=\"wp-block-button__link has-pale-cyan-blue-background-color has-text-color has-background wp-element-button\" href=\"https:\/\/leselineal.de\/index.php\/shop\/\" style=\"border-radius:50px;color:#ffffff\">Konfigurator<\/a><\/div>\n\n\n\n<div class=\"wp-block-button has-custom-width wp-block-button__width-100\"><a class=\"wp-block-button__link has-light-green-cyan-background-color has-text-color has-background wp-element-button\" href=\"https:\/\/leselineal.de\/index.php\/kontakt\/\" style=\"border-radius:50px;color:#ffffff\">Kontakt<\/a><\/div>\n\n\n\n<div class=\"wp-block-button has-custom-width wp-block-button__width-100\"><a class=\"wp-block-button__link has-luminous-vivid-amber-background-color has-text-color has-background wp-element-button\" href=\"https:\/\/leselineal.de\/index.php\/lesehilfe-fuer-schulen\" style=\"border-radius:50px;color:#ffffff\">Information f\u00fcr Schulen<\/a><\/div>\n<\/div>\n<\/div>\n\n\n\n<div class=\"wp-block-column is-layout-flow wp-block-column-is-layout-flow\"><\/div>\n<\/div>\n<\/div>\n<\/div>\n\n\n\n<div style=\"height:35px\" aria-hidden=\"true\" class=\"wp-block-spacer\"><\/div>\n\n\n\n<div class=\"wp-block-columns is-layout-flex wp-container-core-columns-is-layout-9d6595d7 wp-block-columns-is-layout-flex\">\n<div class=\"wp-block-column is-layout-flow wp-block-column-is-layout-flow\" style=\"flex-basis:25%\"><\/div>\n\n\n\n<div class=\"wp-block-column is-layout-flow wp-block-column-is-layout-flow\" style=\"flex-basis:50%\">\n<p class=\"has-text-align-center has-luminous-vivid-orange-color has-text-color has-link-color wp-elements-4b9f954f4ca5258604a2fda32845bdae\">Design Limburg GbR &#8211; Am Schlag 32a &#8211; 65549 Limburg &#8211; 06431 944 12 86&nbsp;<br>E-Mail: info@design-limburg.de<\/p>\n\n\n\n<p class=\"has-text-align-center has-luminous-vivid-orange-color has-text-color has-link-color wp-elements-8532d4187f80bb3af389043d2d46b39d\">Wir sind Montag-Donnerstag von 9:00-14:30 Uhr, Dienstag 9:00-17:00Uhr und Freitag 9:00-13:30Uhr f\u00fcr Sie pers\u00f6nlich zu erreichen.<\/p>\n<\/div>\n\n\n\n<div class=\"wp-block-column is-layout-flow wp-block-column-is-layout-flow\" style=\"flex-basis:25%\"><\/div>\n<\/div>\n<\/div><\/div>\n\n\n\n<div style=\"height:79px\" aria-hidden=\"true\" class=\"wp-block-spacer\"><\/div>\n\n\n\n<div class=\"wp-block-columns alignwide is-layout-flex wp-container-core-columns-is-layout-829b1d53 wp-block-columns-is-layout-flex\" style=\"margin-bottom:0\">\n<div class=\"wp-block-column has-text-color has-background has-link-color wp-elements-615154e77abb07af202f3ad3924f7fcd is-layout-flow wp-block-column-is-layout-flow\" style=\"color:#000000;background-color:#ff6a00b0;padding-top:2em;padding-right:2em;padding-bottom:2em;padding-left:2em\">\n<h2 class=\"wp-block-heading has-text-align-center has-white-color has-text-color has-link-color wp-elements-620b18504d891fbc12293b3613979cc1\" id=\"single\" style=\"font-size:40px\">Lesehilfe<\/h2>\n\n\n<div class=\"wp-block-image\">\n<figure class=\"aligncenter size-large is-resized\"><img loading=\"lazy\" decoding=\"async\" width=\"1024\" height=\"549\" src=\"https:\/\/leselineal.de\/wp-content\/uploads\/2024\/01\/Clipped_image_20240118_090600-1024x549.png\" alt=\"\" class=\"wp-image-116\" style=\"width:300px\" srcset=\"https:\/\/leselineal.de\/wp-content\/uploads\/2024\/01\/Clipped_image_20240118_090600-1024x549.png 1024w, https:\/\/leselineal.de\/wp-content\/uploads\/2024\/01\/Clipped_image_20240118_090600-300x161.png 300w, https:\/\/leselineal.de\/wp-content\/uploads\/2024\/01\/Clipped_image_20240118_090600-768x412.png 768w, https:\/\/leselineal.de\/wp-content\/uploads\/2024\/01\/Clipped_image_20240118_090600-600x322.png 600w, https:\/\/leselineal.de\/wp-content\/uploads\/2024\/01\/Clipped_image_20240118_090600-168x90.png 168w, https:\/\/leselineal.de\/wp-content\/uploads\/2024\/01\/Clipped_image_20240118_090600.png 1366w\" sizes=\"auto, (max-width: 1024px) 100vw, 1024px\" \/><\/figure>\n<\/div>\n\n\n<hr class=\"wp-block-separator has-text-color has-white-color has-alpha-channel-opacity has-white-background-color has-background is-style-wide\"\/>\n\n\n\n<ul class=\"has-white-color has-text-color has-link-color has-normal-font-size wp-block-list wp-elements-1416c50991e6ff0e084a9497be31a1ef\">\n<li>Zum Lesen von B\u00fcchern und Zeitschriften<\/li>\n\n\n\n<li>Um den Kindern das Lesen und die Konzentration zu erleichtern<\/li>\n\n\n\n<li>Als unterst\u00fctzendes Hilfsmittel bei Lernaktivit\u00e4ten<\/li>\n<\/ul>\n\n\n\n<div style=\"height:115px\" aria-hidden=\"true\" class=\"wp-block-spacer\"><\/div>\n\n\n\n<div class=\"wp-block-buttons alignfull is-horizontal is-content-justification-center is-layout-flex wp-container-core-buttons-is-layout-499968f5 wp-block-buttons-is-layout-flex\">\n<div class=\"wp-block-button has-custom-width wp-block-button__width-100\"><a class=\"wp-block-button__link has-luminous-vivid-orange-color has-white-background-color has-text-color has-background no-border-radius wp-element-button\" href=\"https:\/\/leselineal.de\/index.php\/shop\/\"><span style=\"text-decoration: underline;\">Zum Shop<\/span><\/a><\/div>\n<\/div>\n<\/div>\n\n\n\n<div class=\"wp-block-column has-pale-cyan-blue-background-color has-text-color has-background has-link-color wp-elements-f4a4c26c34841b9d1cb98ceb28b13277 is-layout-flow wp-block-column-is-layout-flow\" style=\"color:#000000;padding-top:2em;padding-right:2em;padding-bottom:2em;padding-left:2em\">\n<h2 class=\"wp-block-heading has-text-align-center\" id=\"family\" style=\"font-size:40px\">Leselineal<\/h2>\n\n\n<div class=\"wp-block-image\">\n<figure class=\"aligncenter size-large is-resized\"><img loading=\"lazy\" decoding=\"async\" width=\"1024\" height=\"514\" src=\"https:\/\/leselineal.de\/wp-content\/uploads\/2024\/01\/Leselineal_emma-1024x514.png\" alt=\"\" class=\"wp-image-127\" style=\"width:300px\" srcset=\"https:\/\/leselineal.de\/wp-content\/uploads\/2024\/01\/Leselineal_emma-1024x514.png 1024w, https:\/\/leselineal.de\/wp-content\/uploads\/2024\/01\/Leselineal_emma-300x151.png 300w, https:\/\/leselineal.de\/wp-content\/uploads\/2024\/01\/Leselineal_emma-768x385.png 768w, https:\/\/leselineal.de\/wp-content\/uploads\/2024\/01\/Leselineal_emma-600x301.png 600w, https:\/\/leselineal.de\/wp-content\/uploads\/2024\/01\/Leselineal_emma-179x90.png 179w, https:\/\/leselineal.de\/wp-content\/uploads\/2024\/01\/Leselineal_emma.png 1443w\" sizes=\"auto, (max-width: 1024px) 100vw, 1024px\" \/><\/figure>\n<\/div>\n\n\n<hr class=\"wp-block-separator has-text-color has-black-color has-alpha-channel-opacity has-black-background-color has-background is-style-wide\"\/>\n\n\n\n<ul class=\"has-normal-font-size wp-block-list\">\n<li>Das Leselinieal aus Holz erm\u00f6glicht es, Zeilen oder W\u00f6rter pr\u00e4zise zu verfolgen und zu lesen.<\/li>\n\n\n\n<li>Das Lineal wird verwendet, um gerade Linien zu ziehen, L\u00e4ngen zu messen oder als F\u00fchrung beim Schneiden oder Markieren zu dienen.<\/li>\n\n\n\n<li>Das Holzmaterial sorgt f\u00fcr Stabilit\u00e4t und Langlebigkeit des Leselinieals.<\/li>\n<\/ul>\n\n\n\n<div class=\"wp-block-buttons alignfull is-horizontal is-content-justification-center is-layout-flex wp-container-core-buttons-is-layout-499968f5 wp-block-buttons-is-layout-flex\">\n<div class=\"wp-block-button has-custom-width wp-block-button__width-100 is-style-fill\"><a class=\"wp-block-button__link has-luminous-vivid-orange-color has-white-background-color has-text-color has-background no-border-radius wp-element-button\" href=\"https:\/\/leselineal.de\/index.php\/shop\/\"><span style=\"text-decoration: underline;\">Zum Shop<\/span><\/a><\/div>\n<\/div>\n<\/div>\n\n\n\n<div class=\"wp-block-column has-light-green-cyan-background-color has-text-color has-background has-link-color wp-elements-f0271466f9ce0e044511ca3a3c405c14 is-layout-flow wp-block-column-is-layout-flow\" style=\"color:#000000;padding-top:2em;padding-right:2em;padding-bottom:2em;padding-left:2em\">\n<h2 class=\"wp-block-heading has-text-align-center has-white-color has-text-color has-link-color wp-elements-0538009b614b213d787b28609bede81d\" id=\"patron\" style=\"font-size:40px\">Motive<\/h2>\n\n\n<div class=\"wp-block-image\">\n<figure class=\"aligncenter size-large is-resized\"><img loading=\"lazy\" decoding=\"async\" width=\"1024\" height=\"370\" src=\"https:\/\/leselineal.de\/wp-content\/uploads\/2024\/01\/stift-1024x370.png\" alt=\"\" class=\"wp-image-125\" style=\"width:300px\" srcset=\"https:\/\/leselineal.de\/wp-content\/uploads\/2024\/01\/stift-1024x370.png 1024w, https:\/\/leselineal.de\/wp-content\/uploads\/2024\/01\/stift-300x109.png 300w, https:\/\/leselineal.de\/wp-content\/uploads\/2024\/01\/stift-768x278.png 768w, https:\/\/leselineal.de\/wp-content\/uploads\/2024\/01\/stift-1536x556.png 1536w, https:\/\/leselineal.de\/wp-content\/uploads\/2024\/01\/stift-600x217.png 600w, https:\/\/leselineal.de\/wp-content\/uploads\/2024\/01\/stift-190x69.png 190w, https:\/\/leselineal.de\/wp-content\/uploads\/2024\/01\/stift-249x90.png 249w, https:\/\/leselineal.de\/wp-content\/uploads\/2024\/01\/stift.png 1548w\" sizes=\"auto, (max-width: 1024px) 100vw, 1024px\" \/><\/figure>\n<\/div>\n\n\n<div style=\"height:37px\" aria-hidden=\"true\" class=\"wp-block-spacer\"><\/div>\n\n\n\n<hr class=\"wp-block-separator has-text-color has-white-color has-alpha-channel-opacity has-white-background-color has-background is-style-wide\"\/>\n\n\n\n<ul class=\"has-white-color has-text-color has-link-color has-normal-font-size wp-block-list wp-elements-b457ec57c938d0e7c8f94dec567377ba\">\n<li>Unsere Lesehilfen mit verschiedenen Motiven sind sowohl funktional als auch \u00e4sthetisch ansprechend.<\/li>\n\n\n\n<li>Die Verwendung von Tiermotiven auf unseren Lesehilfen kann Kindern dabei helfen, sich f\u00fcr das Lesen zu begeistern.<\/li>\n\n\n\n<li>Unsere Lesehilfen mit Tiermotiven sind langlebig und eignen sich f\u00fcr den t\u00e4glichen Gebrauch.<\/li>\n<\/ul>\n\n\n\n<div style=\"height:10px\" aria-hidden=\"true\" class=\"wp-block-spacer\"><\/div>\n\n\n\n<div class=\"wp-block-buttons alignfull is-horizontal is-content-justification-center is-layout-flex wp-container-core-buttons-is-layout-499968f5 wp-block-buttons-is-layout-flex\">\n<div class=\"wp-block-button has-custom-width wp-block-button__width-100\"><a class=\"wp-block-button__link has-luminous-vivid-orange-color has-white-background-color has-text-color has-background no-border-radius wp-element-button\" href=\"https:\/\/leselineal.de\/index.php\/shop\/\"><span style=\"text-decoration: underline;\">Zum Shop<\/span><\/a><\/div>\n<\/div>\n<\/div>\n<\/div>\n\n\n\n<div style=\"height:100px\" aria-hidden=\"true\" class=\"wp-block-spacer\"><\/div>\n\n\n\n<div class=\"wp-block-media-text alignwide has-media-on-the-right is-stacked-on-mobile is-vertically-aligned-center has-background\" style=\"background-color:#f1f5c7;grid-template-columns:auto 49%\"><div class=\"wp-block-media-text__content\">\n<div class=\"wp-block-group\" style=\"padding-top:2em;padding-right:2em;padding-bottom:2em;padding-left:2em\"><div class=\"wp-block-group__inner-container is-layout-flow wp-block-group-is-layout-flow\">\n<p style=\"font-size:36px;line-height:1.2\"><strong>Klarer Blick und Fokus, Worte tanzen vor den Augen, Lesehilfe, mein Freund.<\/strong><\/p>\n\n\n\n<p class=\"has-extra-small-font-size\">\u2013 Dominik Grebert<\/p>\n<\/div><\/div>\n<\/div><figure class=\"wp-block-media-text__media\"><img loading=\"lazy\" decoding=\"async\" width=\"1024\" height=\"834\" src=\"https:\/\/leselineal.de\/wp-content\/uploads\/2024\/01\/buch-1.png\" alt=\"\" class=\"wp-image-157 size-full\" srcset=\"https:\/\/leselineal.de\/wp-content\/uploads\/2024\/01\/buch-1.png 1024w, https:\/\/leselineal.de\/wp-content\/uploads\/2024\/01\/buch-1-300x244.png 300w, https:\/\/leselineal.de\/wp-content\/uploads\/2024\/01\/buch-1-768x626.png 768w, https:\/\/leselineal.de\/wp-content\/uploads\/2024\/01\/buch-1-600x489.png 600w, https:\/\/leselineal.de\/wp-content\/uploads\/2024\/01\/buch-1-111x90.png 111w\" sizes=\"auto, (max-width: 1024px) 100vw, 1024px\" \/><\/figure><\/div>\n\n\n\n<div class=\"wp-block-media-text alignwide is-stacked-on-mobile is-vertically-aligned-center has-background\" style=\"background-color:#fffdea\"><figure class=\"wp-block-media-text__media\"><img loading=\"lazy\" decoding=\"async\" width=\"1000\" height=\"1000\" src=\"https:\/\/leselineal.de\/wp-content\/uploads\/2024\/01\/leselinmuster.png\" alt=\"\" class=\"wp-image-165 size-full\" srcset=\"https:\/\/leselineal.de\/wp-content\/uploads\/2024\/01\/leselinmuster.png 1000w, https:\/\/leselineal.de\/wp-content\/uploads\/2024\/01\/leselinmuster-300x300.png 300w, https:\/\/leselineal.de\/wp-content\/uploads\/2024\/01\/leselinmuster-150x150.png 150w, https:\/\/leselineal.de\/wp-content\/uploads\/2024\/01\/leselinmuster-768x768.png 768w, https:\/\/leselineal.de\/wp-content\/uploads\/2024\/01\/leselinmuster-200x200.png 200w, https:\/\/leselineal.de\/wp-content\/uploads\/2024\/01\/leselinmuster-400x400.png 400w, https:\/\/leselineal.de\/wp-content\/uploads\/2024\/01\/leselinmuster-600x600.png 600w, https:\/\/leselineal.de\/wp-content\/uploads\/2024\/01\/leselinmuster-100x100.png 100w, https:\/\/leselineal.de\/wp-content\/uploads\/2024\/01\/leselinmuster-90x90.png 90w\" sizes=\"auto, (max-width: 1000px) 100vw, 1000px\" \/><\/figure><div class=\"wp-block-media-text__content\">\n<div class=\"wp-block-group\" style=\"padding-top:2em;padding-right:2em;padding-bottom:2em;padding-left:2em\"><div class=\"wp-block-group__inner-container is-layout-flow wp-block-group-is-layout-flow\">\n<p class=\"has-medium-font-size\" style=\"line-height:1.2\"><strong>Wir bieten eine breite Auswahl an Leselinealen in verschiedenen Formen und Gr\u00f6\u00dfen an, um den individuellen Bed\u00fcrfnissen unserer Kunden gerecht zu werden. Entdecken Sie unsere vielf\u00e4ltige Palette an Leselinealen f\u00fcr ein komfortables und angenehmes Leseerlebnis.<\/strong><\/p>\n\n\n\n<p class=\"has-extra-small-font-size\" id=\"https:\/\/leselineal.de\/index.php\/shop\/\">-zu unserem <strong><a href=\"https:\/\/leselineal.de\/index.php\/shop\/\">Shop<\/a><\/strong><\/p>\n<\/div><\/div>\n<\/div><\/div>\n\n\n\n<div style=\"height:129px\" aria-hidden=\"true\" class=\"wp-block-spacer\"><\/div>\n\n\n\n<p><strong>Vorteile eines Holz-Leselineals und einer Holz-Lesehilfe f\u00fcr Kinder in der Grundschule:<\/strong><\/p>\n\n\n\n<ul class=\"wp-block-list\">\n<li><strong>Nat\u00fcrliches Material<\/strong>: Holz-Lesehilfen sind umweltfreundlich, nachhaltig und frei von sch\u00e4dlichen Chemikalien.<\/li>\n\n\n\n<li><strong>Langlebigkeit<\/strong>: Holz-Lesehilfen sind robust und halten lange, was ideal f\u00fcr den t\u00e4glichen Gebrauch in der Schule ist.<\/li>\n\n\n\n<li><strong>Taktile Erfahrung<\/strong>: Kinder k\u00f6nnen die Textur des Holzes sp\u00fcren, was <a>sensorische F\u00e4higkeiten<\/a> f\u00f6rdern kann.<\/li>\n\n\n\n<li><strong>Visuelle Unterst\u00fctzung<\/strong>: Ein Leselineal aus Holz kann Kindern helfen, beim Lesen den Text zu verfolgen und sich zu konzentrieren.<\/li>\n\n\n\n<li><strong>Stilvolles Design<\/strong>: Holz-Lesehilfen sind oft ansprechend gestaltet und k\u00f6nnen das Interesse der Kinder am Lesen steigern.<\/li>\n\n\n\n<li><strong>Umweltbewusstsein<\/strong>: Durch die Verwendung von Holzprodukten k\u00f6nnen Kinder ein Bewusstsein f\u00fcr <a>Nachhaltigkeit<\/a> und <a>Umweltschutz<\/a> entwickeln.<\/li>\n<\/ul>\n","protected":false},"excerpt":{"rendered":"<p>Willkommen bei Leselineal.de die Kinder lese Hilfe aus Holz Ihr Hersteller von Lesehilfen und Leselineale f\u00fcr Kinder Design Limburg GbR &#8211; Am Schlag 32a &#8211; 65549 Limburg &#8211; 06431 944<\/p>\n","protected":false},"author":1,"featured_media":0,"parent":0,"menu_order":0,"comment_status":"closed","ping_status":"closed","template":"","meta":{"footnotes":""},"class_list":{"1":"page","2":"type-page","3":"status-publish","4":"hentry"},"yoast_head":"<!-- This site is optimized with the Yoast SEO plugin v27.3 - https:\/\/yoast.com\/product\/yoast-seo-wordpress\/ -->\n<title>Leselineal - Leselineal.de<\/title>\n<meta name=\"description\" content=\"Holz-Lesehilfen f\u00fcr ein entspanntes Leseerlebnis, Entdecke hochwertige Lesehilfen aus Holz f\u00fcr ein entspanntes und komfortables Lesen.\" \/>\n<meta name=\"robots\" content=\"index, follow, max-snippet:-1, max-image-preview:large, max-video-preview:-1\" \/>\n<link rel=\"canonical\" href=\"https:\/\/leselineal.de\/\" \/>\n<meta property=\"og:locale\" content=\"de_DE\" \/>\n<meta property=\"og:type\" content=\"article\" \/>\n<meta property=\"og:title\" content=\"Leselineal - Leselineal.de\" \/>\n<meta property=\"og:description\" content=\"Holz-Lesehilfen f\u00fcr ein entspanntes Leseerlebnis, Entdecke hochwertige Lesehilfen aus Holz f\u00fcr ein entspanntes und komfortables Lesen.\" \/>\n<meta property=\"og:url\" content=\"https:\/\/leselineal.de\/\" \/>\n<meta property=\"og:site_name\" content=\"Leselineal.de\" \/>\n<meta property=\"article:modified_time\" content=\"2024-06-27T08:28:00+00:00\" \/>\n<meta property=\"og:image\" content=\"https:\/\/leselineal.de\/wp-content\/uploads\/2024\/01\/Clipped_image_20240118_090600-1024x549.png\" \/>\n<meta name=\"twitter:card\" content=\"summary_large_image\" \/>\n<meta name=\"twitter:label1\" content=\"Gesch\u00e4tzte Lesezeit\" \/>\n\t<meta name=\"twitter:data1\" content=\"3\u00a0Minuten\" \/>\n<script type=\"application\/ld+json\" class=\"yoast-schema-graph\">{\"@context\":\"https:\\\/\\\/schema.org\",\"@graph\":[{\"@type\":\"WebPage\",\"@id\":\"https:\\\/\\\/leselineal.de\\\/\",\"url\":\"https:\\\/\\\/leselineal.de\\\/\",\"name\":\"Leselineal - Leselineal.de\",\"isPartOf\":{\"@id\":\"https:\\\/\\\/leselineal.de\\\/#website\"},\"primaryImageOfPage\":{\"@id\":\"https:\\\/\\\/leselineal.de\\\/#primaryimage\"},\"image\":{\"@id\":\"https:\\\/\\\/leselineal.de\\\/#primaryimage\"},\"thumbnailUrl\":\"https:\\\/\\\/leselineal.de\\\/wp-content\\\/uploads\\\/2024\\\/01\\\/Clipped_image_20240118_090600-1024x549.png\",\"datePublished\":\"2024-01-12T16:57:33+00:00\",\"dateModified\":\"2024-06-27T08:28:00+00:00\",\"description\":\"Holz-Lesehilfen f\u00fcr ein entspanntes Leseerlebnis, Entdecke hochwertige Lesehilfen aus Holz f\u00fcr ein entspanntes und komfortables Lesen.\",\"breadcrumb\":{\"@id\":\"https:\\\/\\\/leselineal.de\\\/#breadcrumb\"},\"inLanguage\":\"de\",\"potentialAction\":[{\"@type\":\"ReadAction\",\"target\":[\"https:\\\/\\\/leselineal.de\\\/\"]}]},{\"@type\":\"ImageObject\",\"inLanguage\":\"de\",\"@id\":\"https:\\\/\\\/leselineal.de\\\/#primaryimage\",\"url\":\"https:\\\/\\\/leselineal.de\\\/wp-content\\\/uploads\\\/2024\\\/01\\\/Clipped_image_20240118_090600.png\",\"contentUrl\":\"https:\\\/\\\/leselineal.de\\\/wp-content\\\/uploads\\\/2024\\\/01\\\/Clipped_image_20240118_090600.png\",\"width\":1366,\"height\":733},{\"@type\":\"BreadcrumbList\",\"@id\":\"https:\\\/\\\/leselineal.de\\\/#breadcrumb\",\"itemListElement\":[{\"@type\":\"ListItem\",\"position\":1,\"name\":\"Startseite\",\"item\":\"https:\\\/\\\/leselineal.de\\\/\"},{\"@type\":\"ListItem\",\"position\":2,\"name\":\"Leselineal\"}]},{\"@type\":\"WebSite\",\"@id\":\"https:\\\/\\\/leselineal.de\\\/#website\",\"url\":\"https:\\\/\\\/leselineal.de\\\/\",\"name\":\"Leselineal.de\",\"description\":\"\",\"publisher\":{\"@id\":\"https:\\\/\\\/leselineal.de\\\/#organization\"},\"potentialAction\":[{\"@type\":\"SearchAction\",\"target\":{\"@type\":\"EntryPoint\",\"urlTemplate\":\"https:\\\/\\\/leselineal.de\\\/?s={search_term_string}\"},\"query-input\":{\"@type\":\"PropertyValueSpecification\",\"valueRequired\":true,\"valueName\":\"search_term_string\"}}],\"inLanguage\":\"de\"},{\"@type\":\"Organization\",\"@id\":\"https:\\\/\\\/leselineal.de\\\/#organization\",\"name\":\"Leselineal.de\",\"url\":\"https:\\\/\\\/leselineal.de\\\/\",\"logo\":{\"@type\":\"ImageObject\",\"inLanguage\":\"de\",\"@id\":\"https:\\\/\\\/leselineal.de\\\/#\\\/schema\\\/logo\\\/image\\\/\",\"url\":\"https:\\\/\\\/leselineal.de\\\/wp-content\\\/uploads\\\/2024\\\/02\\\/cropped-fliege-2.png\",\"contentUrl\":\"https:\\\/\\\/leselineal.de\\\/wp-content\\\/uploads\\\/2024\\\/02\\\/cropped-fliege-2.png\",\"width\":141,\"height\":150,\"caption\":\"Leselineal.de\"},\"image\":{\"@id\":\"https:\\\/\\\/leselineal.de\\\/#\\\/schema\\\/logo\\\/image\\\/\"}}]}<\/script>\n<!-- \/ Yoast SEO plugin. -->","yoast_head_json":{"title":"Leselineal - Leselineal.de","description":"Holz-Lesehilfen f\u00fcr ein entspanntes Leseerlebnis, Entdecke hochwertige Lesehilfen aus Holz f\u00fcr ein entspanntes und komfortables Lesen.","robots":{"index":"index","follow":"follow","max-snippet":"max-snippet:-1","max-image-preview":"max-image-preview:large","max-video-preview":"max-video-preview:-1"},"canonical":"https:\/\/leselineal.de\/","og_locale":"de_DE","og_type":"article","og_title":"Leselineal - Leselineal.de","og_description":"Holz-Lesehilfen f\u00fcr ein entspanntes Leseerlebnis, Entdecke hochwertige Lesehilfen aus Holz f\u00fcr ein entspanntes und komfortables Lesen.","og_url":"https:\/\/leselineal.de\/","og_site_name":"Leselineal.de","article_modified_time":"2024-06-27T08:28:00+00:00","og_image":[{"url":"https:\/\/leselineal.de\/wp-content\/uploads\/2024\/01\/Clipped_image_20240118_090600-1024x549.png","type":"","width":"","height":""}],"twitter_card":"summary_large_image","twitter_misc":{"Gesch\u00e4tzte Lesezeit":"3\u00a0Minuten"},"schema":{"@context":"https:\/\/schema.org","@graph":[{"@type":"WebPage","@id":"https:\/\/leselineal.de\/","url":"https:\/\/leselineal.de\/","name":"Leselineal - Leselineal.de","isPartOf":{"@id":"https:\/\/leselineal.de\/#website"},"primaryImageOfPage":{"@id":"https:\/\/leselineal.de\/#primaryimage"},"image":{"@id":"https:\/\/leselineal.de\/#primaryimage"},"thumbnailUrl":"https:\/\/leselineal.de\/wp-content\/uploads\/2024\/01\/Clipped_image_20240118_090600-1024x549.png","datePublished":"2024-01-12T16:57:33+00:00","dateModified":"2024-06-27T08:28:00+00:00","description":"Holz-Lesehilfen f\u00fcr ein entspanntes Leseerlebnis, Entdecke hochwertige Lesehilfen aus Holz f\u00fcr ein entspanntes und komfortables Lesen.","breadcrumb":{"@id":"https:\/\/leselineal.de\/#breadcrumb"},"inLanguage":"de","potentialAction":[{"@type":"ReadAction","target":["https:\/\/leselineal.de\/"]}]},{"@type":"ImageObject","inLanguage":"de","@id":"https:\/\/leselineal.de\/#primaryimage","url":"https:\/\/leselineal.de\/wp-content\/uploads\/2024\/01\/Clipped_image_20240118_090600.png","contentUrl":"https:\/\/leselineal.de\/wp-content\/uploads\/2024\/01\/Clipped_image_20240118_090600.png","width":1366,"height":733},{"@type":"BreadcrumbList","@id":"https:\/\/leselineal.de\/#breadcrumb","itemListElement":[{"@type":"ListItem","position":1,"name":"Startseite","item":"https:\/\/leselineal.de\/"},{"@type":"ListItem","position":2,"name":"Leselineal"}]},{"@type":"WebSite","@id":"https:\/\/leselineal.de\/#website","url":"https:\/\/leselineal.de\/","name":"Leselineal.de","description":"","publisher":{"@id":"https:\/\/leselineal.de\/#organization"},"potentialAction":[{"@type":"SearchAction","target":{"@type":"EntryPoint","urlTemplate":"https:\/\/leselineal.de\/?s={search_term_string}"},"query-input":{"@type":"PropertyValueSpecification","valueRequired":true,"valueName":"search_term_string"}}],"inLanguage":"de"},{"@type":"Organization","@id":"https:\/\/leselineal.de\/#organization","name":"Leselineal.de","url":"https:\/\/leselineal.de\/","logo":{"@type":"ImageObject","inLanguage":"de","@id":"https:\/\/leselineal.de\/#\/schema\/logo\/image\/","url":"https:\/\/leselineal.de\/wp-content\/uploads\/2024\/02\/cropped-fliege-2.png","contentUrl":"https:\/\/leselineal.de\/wp-content\/uploads\/2024\/02\/cropped-fliege-2.png","width":141,"height":150,"caption":"Leselineal.de"},"image":{"@id":"https:\/\/leselineal.de\/#\/schema\/logo\/image\/"}}]}},"jetpack_sharing_enabled":true,"_links":{"self":[{"href":"https:\/\/leselineal.de\/index.php\/wp-json\/wp\/v2\/pages\/6","targetHints":{"allow":["GET"]}}],"collection":[{"href":"https:\/\/leselineal.de\/index.php\/wp-json\/wp\/v2\/pages"}],"about":[{"href":"https:\/\/leselineal.de\/index.php\/wp-json\/wp\/v2\/types\/page"}],"author":[{"embeddable":true,"href":"https:\/\/leselineal.de\/index.php\/wp-json\/wp\/v2\/users\/1"}],"replies":[{"embeddable":true,"href":"https:\/\/leselineal.de\/index.php\/wp-json\/wp\/v2\/comments?post=6"}],"version-history":[{"count":100,"href":"https:\/\/leselineal.de\/index.php\/wp-json\/wp\/v2\/pages\/6\/revisions"}],"predecessor-version":[{"id":488,"href":"https:\/\/leselineal.de\/index.php\/wp-json\/wp\/v2\/pages\/6\/revisions\/488"}],"wp:attachment":[{"href":"https:\/\/leselineal.de\/index.php\/wp-json\/wp\/v2\/media?parent=6"}],"curies":[{"name":"wp","href":"https:\/\/api.w.org\/{rel}","templated":true}]}}